h = -74 - -78. Let d be (63/(-6) + h)*-4. Suppose z - 4*u = d, 3*z = -4*u + 5 - 7. Calculate the remainder when 14 is divided by z.
2
Let z(q) = q**3 - 7*q**2 - 7*q + 4. Suppose 4*u - 2*x - 137 = x, 100 = 3*u - 5*x. Calculate the remainder when u is divided by z(8).
11
Suppose 6*w - w - 60 = -4*m, 0 = -2*w. Suppose 403 = -5*b + 1638. Let y = 253 - b. Calculate the remainder when m is divided by y.
3
Let v(t) = 2 + 2*t - 30*t - 1 - 4. Let f = -182 - -181. What is the remainder when v(f) is divided by 13?
12
Let z = -3651 - -3784. What is the remainder when z is divided by 9?
7
Suppose 4 = -4*k, -4*h - 172 = -4*k + 44. Let a = -54 - h. What is the remainder when a/(-2) + (-169)/(-2) is divided by 29?
26
Let z(i) = -i**3 + 28*i**2 - 95*i - 115. What is the remainder when z(19) is divided by 70?
69
Let z = 206 + -202. Let i(r) = r**3 + 3*r**2 - 18. Calculate the remainder when i(z) is divided by 29.
7
What is the remainder when 3500 is divided by (-2048)/(-8160) + (-4)/30 - 444180/(-255)?
16
Let z = -381 - 111. What is the remainder when -5*(-2)/(-4)*z/15 is divided by 42?
40
Suppose -375 = -9*y + 561. Suppose -2*z - 88 = -3*f - 7*z, 0 = 4*f + 4*z - y. Calculate the remainder when 38 is divided by f.
17
Let d(g) = 87*g**2 + 697*g + 70. Suppose 2*v = -v + 18. Let f = 16 + v. Calculate the remainder when d(-8) is divided by f.
18
Let x(t) = -7*t**2 + 347*t + 17. What is the remainder when x(49) is divided by 125?
88
Let b(a) = -4*a + 450. What is the remainder when b(-23) is divided by 110?
102
Let q = 51 + -1. Calculate the remainder when q is divided by (-9 - -6) + 18 + -1.
8
Let y(g) = 34 - 11*g - g**2 - 15 + 0*g. Let m(q) = -7*q**2 + 3*q + 1. Let k be m(-1). What is the remainder when 146 is divided by y(k)?
35
Suppose 694 = 60*l - 43766. Calculate the remainder when l is divided by 124.
121
Let b be 12/18 + (-236)/3. What is the remainder when 99 is divided by 2/(5 - (-378)/b)?
8
Let h(v) = v**2 - 6*v - 274. Calculate the remainder when 481 is divided by h(-16).
13
Let o(q) = -32*q + 30 + 41*q - 45. Calculate the remainder when 46/4 - (-1)/(-2) is divided by o(2).
2
Let f be (29/2)/((-6)/12). Let s = 40 - f. Let j(l) = 2*l - 76. Calculate the remainder when s is divided by j(44).
9
Let x be (-4)/1 - 8/((-24)/(-873)). Let q = x + 361. What is the remainder when 127 is divided by q?
61
Let c = -146 - -144. Calculate the remainder when (-1)/(3/(-18))*(-113)/c is divided by 20.
19
What is the remainder when 473 is divided by 861/(-42)*(-4 + (-8)/(-4))?
22
Suppose 156 - 836 = -50*a + 570. Calculate the remainder when 721 is divided by a.
21
Suppose a + 1705 + 218 = g, 2*g - 3*a = 3851. What is the remainder when g is divided by 60?
58
Let m = -328 + 330. Let w = 203 + -37. What is the remainder when w is divided by 8/4*(2 + 6*m)?
26
Let h(r) = r**3 + 11*r**2 + 271*r + 3036. What is the remainder when 5769 is divided by h(-11)?
49
Suppose -42*r + 39*r + 48 = 0. Suppose 0 = -4*g + r, 3*a - 70 = -2*g + 7*g. What is the remainder when 34 is divided by a?
4
Let b be (-3)/(8 + -7 - 14/8). Suppose 0 = 4*m + b*h + 16, 10*m + 2*h + 10 = 7*m. Let g = 95 + m. Calculate the remainder when g is divided by 47.
46
Let y(u) = 59*u + 2795. What is the remainder when y(36) is divided by 41?
40
Suppose -u + 27 = 5*p, 4*u + 272 = -5*p + 365. Calculate the remainder when 11502 is divided by u.
18
Suppose -3*u = 2*u - 125. Let w = 206 - 165. Suppose 2*d - w = -15. What is the remainder when u is divided by d?
12
Let o(p) = p + 32. Let i be o(-14). Suppose 6*f = i - 0. Suppose k = f*k - 3*u - 53, 5*k + u - 90 = 0. Calculate the remainder when 73 is divided by k.
16
Suppose -2*p - 2*a + 44 = 0, -15*p - 5*a = -14*p - 10. Suppose -p = 11*h - 16*h. What is the remainder when 104 is divided by h?
4
Let t(f) = f**3 - 32*f**2 + 59*f + 41. Let s be t(30). Suppose -5*j + 103 = -4*m, 2*j - 51 + s = 2*m. Calculate the remainder when 35 is divided by j.
12
Let y = -29 + 25. What is the remainder when 94 is divided by y/(-14) + (-3159)/(-189)?
9
Let x = 81 - 40. Let w(i) = 7*i - 28. Let h be w(-8). Let a = h + 99. Calculate the remainder when x is divided by a.
11
Suppose 0*v = 2*v - 42. Let b = v + -15. Let g = -12134 + 12161. Calculate the remainder when g is divided by b.
3
Suppose 10*m = 3006 - 756. Let d = m + -97. Let w = 210 - d. What is the remainder when w is divided by 42?
40
Calculate the remainder when (124/(-93))/(8/414*-3) is divided by (34/(-8))/((-2)/8).
6
Calculate the remainder when (9 - 5)/(2176/362 - 6) is divided by 28.
26
Suppose -3*y + 5*c - 1 = -6, y = 4*c - 10. Suppose 2*m - y = 2*o - 0*m, 5*m + 25 = 0. Calculate the remainder when 178 is divided by (92/10)/((-2)/o) + -1.
43
Let s(y) = 4*y + 39. Let n = -151 + 172. What is the remainder when s(n) is divided by 2 - 2 - -2*9?
15
Suppose -36956 - 82177 = -185*f - 94*f. What is the remainder when f is divided by 60?
7
Let l(j) = -14*j + 2589. Calculate the remainder when l(105) is divided by 40.
39
Suppose 2*x = 39 + 29. Let p = x + -42. Let h(w) = -7*w - 36. Calculate the remainder when h(p) is divided by 11.
9
Suppose 154*y - 13488 = -4*x + 158*y, -2*x = 4*y - 6768. What is the remainder when x is divided by 66?
10
Let o(m) = 18*m. Let d be o(1). Let a = d - 12. Calculate the remainder when ((-1080)/720)/((-3)/(-16))*-11 is divided by a.
4
Suppose 0 = -4*l - 0*l + 88. Let t = 29 - l. Suppose -3*v + t*v = 164. What is the remainder when v is divided by 6?
5
Let o(h) = 4*h + 49. Let d be o(21). Let x = d + -109. Let n = -8 - -13. Calculate the remainder when x is divided by n.
4
Suppose 0 = 3*d - 4*k - 10, 4*k + 3 = 2*d - 5. Let x = 245 + -125. Suppose d*z = -3*z + x. What is the remainder when 143 is divided by z?
23
Let o(t) = -9*t - 413. Let y = 3 - -60. Calculate the remainder when y is divided by o(-50).
26
Let j(g) = -g**2 + g + 87. Let k be j(0). Suppose -5*d = -163 - k. Let h = -7607 + 7620. What is the remainder when d is divided by h?
11
Calculate the remainder when 1707 - ((-7 - -20) + 3) is divided by 36.
35
Suppose -t - 3*p + 6*p + 34 = 0, -2*t - p + 47 = 0. Suppose -16 + t = i. Calculate the remainder when i*(-2)/(-5)*5/2 is divided by 7.
2
Let g(s) = -4*s + 28. Let c be g(6). Suppose 2*q = -12*w + 9*w - 226, 3*w + 446 = -c*q. Let l = -71 - q. What is the remainder when l is divided by 7?
4
Let f(p) = 5*p**3 + 2*p**2 - 4*p + 2. Suppose 3126 = -30*t + 11226. Let y = t - 252. Calculate the remainder when f(2) is divided by y.
6
Let n = 98 + -94. Suppose n*m = -235 + 11. Let s = m - -66. What is the remainder when 33 is divided by s?
3
Let f(w) = 4*w**3 - 33*w**2 - 15*w - 26. Calculate the remainder when f(9) is divided by 12.
10
Suppose -3*u = -1 - 8. What is the remainder when (-2 + 18/14)*14/(-2) is divided by u?
2
Suppose 3*u - 2*c - 122 = 0, -5*c - 3 - 2 = 0. Suppose 4*p = -6*p + u. Calculate the remainder when 113 is divided by 1/p*0 + (-95)/(-5).
18
Suppose -2*c - 6 = 0, -132*y = -128*y + 3*c - 2271. What is the remainder when y is divided by 52?
50
Let o(m) = 2*m**2 - 188*m + 1398. Calculate the remainder when 3651 is divided by o(86).
21
Let v be (39/(-6))/((-1)/(-4)). Let q(w) = -w**3 - 5*w**2 + 3*w + 11. Let l be q(-5). Let k = l - v. What is the remainder when 85 is divided by k?
19
Suppose -3960 = 4412*a - 4424*a. Calculate the remainder when a is divided by 291.
39
Suppose -4*u - 4 = -2*x + x, -5*x = 4*u + 4. Suppose x = -2*w + 8*w - 30. Let f(v) = -v**2 + 7*v + 4. What is the remainder when 83 is divided by f(w)?
13
What is the remainder when (-191)/(-382) + 1215/2 is divided by 77?
69
Suppose 4*w = -4*q + 284, -2*q + 5*q - 12 = 0. Suppose 5*m + 7 = w. Let t(j) = j**2 - 8*j - 31. Calculate the remainder when 50 is divided by t(m).
16
Let r(d) = 21*d - 1071. Calculate the remainder when r(64) is divided by 130.
13
Calculate the remainder when 2646 is divided by 2344/(-6)*(-24 + 609/28).
9
Suppose -2*b = -b - 186. What is the remainder when b is divided by 18 - 10/((-20)/18)?
24
Let a be (-3 - -4 - 0)/(3/(-6)). Let s be 26 - (2 - (a - -3)). Suppose 5*i - 41 = 4*d - 13, -s = -2*i - 3*d. What is the remainder when 29 is divided by i?
5
Let x(b) = 2*b**3 - 27*b**2 + 71*b - 26. Calculate the remainder when x(13) is divided by 107.
86
Let v(x) = x**3 - 22*x**2 - 14*x - 62. Let a = -602 - -6